+ -9?
-14
What is the value of (-1 - -2) + -1255 + 1251?
-3
7 + -3 + -2 + (9 - 6)
5
Calculate (-2 + 0 - -6) + -3 - -14 - 7.
8
(2 - 11) + -2 + -8
-19
Evaluate -9 - (11 - (15 + 0)).
-5
Evaluate -17 - (8 + -12 + -8) - (-6 + -1).
2
Calculate (36 - 32) + (-1 + 0 - -26) + 5.
34
Evaluate 1 - 4 - (-6 + (-6 - (6 - 8))).
7
-12 + (-7 - -9) + 1
-9
-21 - -21 - (31 + -2 - (-1 - 1))
-31
Calculate 1 + 23 + 4 + -12 - 6.
10
Calculate -7 + 26 - -9 - 17.
11
12 + -24 + 30 - -6
24
Calculate (5 - (18 + -18 + 37)) + (0 - -7).
-25
What is the value of (8 + 2 - 16) + -1?
-7
Calculate -10 - (3 + -20 + (45 - 40)).
2
Evaluate -16 + (-11 - -10) + 11.
-6
What is the value of -16 - 2 - -41 - 47?
-24
What is the value of -1 - (4 + -1) - ((2 - -4) + -9)?
-1
Evaluate -8 - (-9 + -22 - -1) - (8 + -1).
15
What is the value of -13 + 24 - ((-5 - -7) + -11)?
20
What is -3 + 44 - (-50 + 97)?
-6
Calculate 3 + 1 - (17 - (5 + 1 + 1)).
-6
Calculate 0 - -1 - (21 + -15 + -7).
2
What is -298 - -308 - (1 + 35)?
-26
What is the value of (62 - 168 - -90) + 37 + 1?
22
What is -4 + (6 - -5) - 1?
6
Calculate (2 - (14 - 15)) + (-2 - -6) - 20.
-13
Calculate 33 + -31 - (-19 - (-10 + 2)).
13
Evaluate 62 + -21 + 7 - (-8 - -24).
32
Calculate 5 + (-2 - (6 + -19 + 13)).
3
0 - ((3 - -11) + -15 - 0)
1
What is the value of -15 - (-12 - (0 + (1 - 8)))?
-10
Evaluate -15 + 19 + (-5 - 0 - 7).
-8
What is (12 - 1) + -4 - (1 - (1 + 0))?
7
Calculate 0 - 51 - (-343 - -320).
-28
-35 + 3 + 2 - -38
8
What is (-12 - (3 + 3)) + 2 + -4 + -3?
-23
29 + (14 - 45) + (-1 - -14) + 4
15
What is -7 - -16 - 21 - -6?
-6
3 + 2 + -9 + -25 + 25
-4
3 - (0 + 1) - (-8 - (-16 - -11))
5
11 - (-2 - (-15 - 10))
-12
Calculate (-43 - (12 + -31)) + 15.
-9
32 + 9 + 2 - 10 - 13
20
Calculate (1 - -6) + 56 + -66 + 10.
7
-1164 + 1153 - (10 + (0 - 1))
-20
What is the value of 27 - -1 - (967 - 960)?
21
What is the value of 20 + -17 + 5 + 9?
17
Calculate 14 - 4 - 6 - -7.
11
-42 + (72 - 23) + 0
7
What is 8 - (8 + (5 + -12 - -3))?
4
3 + (-4 - -4) + -13 + 10
0
What is the value of 0 + (-9 - -23) + -25?
-11
Evaluate -3 - (-2 + 7) - (8 - 3).
-13
-7 + (2 - -7) - (-1 + -3 - -5)
1
Calculate 25 + -40 + 32 + 1 + -15.
3
What is the value of 86 - 28 - 16 - (6 - -4)?
32
What is 26 + 11 - (9 + 0)?
28
-6 - (-13 + 27 + -8)
-12
Evaluate -1 - ((-1 - 5) + -30 + 43 - -7).
-15
What is the value of 9 - (4 + -7 - -13)?
-1
Evaluate -4 - ((21 + -11 - 12) + -2 + 1).
-1
Calculate (7 - 7 - (-3 - 0) - 4) + -1.
-2
(1 + (-3 - 4) - -5) + -2 + 14
11
What is 6 + (23 - -7) - (2 - -5) - 8?
21
What is the value of 5 - (-7 + 0 + -2 + 8)?
6
What is 12 + 2 + (-7 - 1) - (1 + 1)?
4
Calculate 2 - 35 - (1073 - 1100).
-6
What is 6 - (13 - 3 - (-14 - -4))?
-14
Evaluate -3 + (11 - 2) + (-8 - -14).
12
What is the value of 29 + (34 - 29) + -63?
-29
Evaluate (9 - 8) + -4 + -2.
-5
What is the value of -2 + 0 + -11 + (2 - -10) - -8?
7
Calculate -12 - ((5 - 8) + 3 + -6).
-6
What is -19 + (-4 + 17 - 2) - -3?
-5
Evaluate -684 + 675 - (1 + -4).
-6
Evaluate 0 - -18 - (-105 - -151).
-28
Evaluate -16 - (0 - 25) - (13 - -3).
-7
What is the value of (-16 - ((-19 - 11) + 16)) + 28 + -2?
24
What is 1 - 5 - (-8 + 4 - (-4 - -2))?
-2
Evaluate (6 - 5) + -5 + 0 + -5 + -6.
-15
What is the value of 7 + (-11 + -3 - -6) + 4?
3
Evaluate -3 + 1 + (-56 + 7 - -36).
-15
Calculate -8 - ((4 - (12 - 5) - 3) + -3).
1
What is the value of (3 - (-2 + 6 + -1)) + -2 + 7?
5
What is 18 + -9 + -26 + 14?
-3
5 + 1 - (162 - 159) - -16
19
What is 1 + -14 + -96 + 110?
1
Evaluate -3 - (-11 - -18) - (6 + -4).
-12
Evaluate 1 - 0 - -3 - (-1 - -15) - 1.
-11
Calculate 19 - (-7 - ((4 - -3) + (8 - 26))).
15
Calculate -10 + 10 + -5 + -4 + 14.
5
What is (-2 + -5 + 2 + 0 - -12) + -15?
-8
Calculate (-14 - (-3 + -11)) + 13.
13
Calculate -10 + (-8 + 5 + 6 - -18).
11
22 + (-11 - (-22 + 11))
22
Calculate 1 + 25 + -23 + -29.
-26
21 + -29 + 1 + -4 + 2
-9
What is the value of 27 - (104 + -36 + -16)?
-25
Calculate 12 - ((-5 + 6 - -7) + (-1 - 0)).
5
-2 - 8 - -1 - (-17 + -10)
18
-7 - (20 - 21 - -9)
-15
What is the value of -716 + 719 + -1 + 4?
6
Evaluate (-10 - -5) + 3 - 5 - 1.
-8
Calculate (-11 - -5) + 3 + 124 + -137.
-16
Evaluate -14 + (-7 - (-1 - (-1 - -9))) + -4.
-16
Calculate 4 + (3 - 2) - (-2 + (-8 - -15)).
0
Calculate 38 + (17 - 40) + -1 + 0.
14
Evaluate -8 - (19 + (-9 - -2)).
-20
What is -3 + (2 + -4 - (3 - -2)) - -32?
22
What is the value of 2 + 1 + (9 - (2 + 11))?
-1
What is 19 + (-11 - 2) + -1?
5
What is 5 + 4 + -5 + -13?
-9
Calculate 0 - 14 - (-10 + 20 + -1 + -7).
-16
Evaluate 15 + (3 - 34) - (26 + -3).
-39
What is (-22 - 21) + 34 + 18?
9
Calculate -12 + (20 - (-7 + 6)).
9
Evaluate 16 - (59 + (-4 - (14 - 6))).
-31
-4 + 1 - (55 - 71 - -29)
-16
Calculate 5 + (13 + -9 - (2 - (0 - 20))).
-13
What is (11 - (-8 - -43 - 11)) + 29?
16
What is the value of (-1 - -9 - 5 - 0) + (4 - 2)?
5
Calculate -1 + (15 - -1) - (64 - 61).
12
(-16 - -16 - 6 - -17) + (0 - 7)
4
What is -3 - 1 - -8 - (5 - -10)?
-11
What is -20 - ((-44 - -64) + -28)?
-12
Evaluate 1 - (-6 - 4) - (-13 - -22).
2
8 - 2 - ((32 - 43) + -5)
22
What is the value of 8 + (12 - -1) + -4 + 8?
25
What is (-13 - -54) + -21 - 14?
6
What is the value of 6 + (-11 - -13) + (-4 - -1 - -5)?
10
Evaluate -16 + (-17 - -38) + -18.
-13
Calculate 26 - 27 - (4 - 10).
5
Calculate -9 + (15 - ((-11 - -2) + 11)).
4
Evaluate (5 - -2) + 16 + (-4 - 22).
-3
What is 19 - (13 - (1 - (6 + -6 - 8)))?
15
-16 - ((4 - -6) + -33 + -2)
9
-163 + 157 - (-1 + 2)
-7
-9 - (26 - 1 - (-234 + 246))
-22
Evaluate 16 + -9 + -13 - -7 - 25.
-24
Calculate (-5 - -3) + 0 + -3.
-5
What is the value of (12 - 1) + 2 + -12?
1
-4 - (2 + 19 - 9)
-16
Evaluate 10 + 6 + -2 + 2.
16
Evaluate 6 + (-1 - (4 - (1 - 0))) + -2.
0
Calculate 8 - 9 - (19 - 17).
-3
Calculate (7 - -2) + (-18 + 5 - -19).
15
Evaluate (1 - -28) + (47 - 39) + (1 - 14).
24
Evaluate (12 - 31) + (4 - -9).
-6
Calculate -18 - (-8 + -8 + 4).
-6
What is (2 - (-13 - -8) - 14) + (1 - 15)?
-21
Calculate -19 - (-23 + (30 - 15)).
-11
What is -32 + 14 - (3 + -12)?
-9
Calculate (3 - -4) + (-8 - (-21 - -11)).
9
What is the value of (-8 - -1) + -161 + 172 - 11?
-7
Evaluate -6 - (5 - (3 + -8 - -3)).
-13
Calculate -27 + (36 - 8) + -13 + -4.
-16
Calculate -17 + (18 - (-7 + 17)) + -9.
-18
Evaluate 6 + 0 + 7 + 16 + -33.
-4
What is 20 - (11 - (2 + -1))?
10
Calculate (21 - (29 + 3)) + 20.
9
Calculate (-3 - ((-5 - -15) + 1)) + 24.
10
(-25 + 19 - 32) + 68
30
What is the value of -9 + (33 - 9) - 14 - 12?
-11
What is the value of 1 + 4 - (2 - 1 - -4)?
0
23 - (-3 - (-1 + -14))
11
What is the value of (16 - (11 + 28)) + -1?
-24
Calculate 4 + 30 - (5 - (2 - -4 - 6)).
29
Calculate 4 - (5 + (-5 + 9 - (6 - 3))).
-2
Calculate (-10 - -1) + (-13 - (-48 - 1)).
27
Evaluate -31 - (3 + 20 + -86).
32
Calculate (-36 - -13 - -2) + 49.
28
Calculate -1 + -2 + (-7 - (-9 + (-1 - 2))).
2
Calculate (1 - -2) + (6 - 0).
9
What is 0 + -16 + 38 - (-1 - -10)?
13
Calculate (-10 + -2 - -23) + 2 - 20.
-7
(-1 - 4) + (7 - 42) + 41
1
What is (-65 - (-54 + 26)) + 38?
1
What is -35 + 30 - (4 - 15) - (-2 + -3)?
11
Evaluate -8 - (-34 - (-7 - 8)).
11
(-9 - 1) + (11 - (-16 - -35))
-18
Evaluate -28 - (-11 - (-17 - 0)).
-34
What is -7 - ((-5 - 12) + 3)?
7
10 + (-2 + 1 - -13) + -12
10
Calculate -65 + 36 + 19 + -23.
-33
28 + -5 + -3 - 38
-18
Evaluate -16 + -5 + 122 + -94.
7
Calculate 2 + (-1 - (2 + -12)) - -2.
13
Calculate 2 + 2 - (-44 + 36).
12
(14 - (11 - -31)) + (7 - -2)
-19
(40 - (-82 + 120)) + (1 - 20)
-17
Evaluate (0 - 5) + (-2 + -12 - (53 + -65)).
-7
What is the value of (1 - 7) + -4 + -2 - 1?
-13
What is (8 - 1) + (2 - 8) + (46 - 57)?
-10
Calculate (0 + 14 - 15) + -5 - 11.
-17
Evaluate -1 - (5 - (-4 + 14 + -3)) - 16.
-15
What is the value of (7 - (3 - (-10 - -22))) + -5?
11
Calculate (2 - ((3 - 2) + 2)) + 5 + 4.
8
What is the value of -11 + -9 + (-6 - -5) + -2 + 10?
-13
Calculate -24 - (4 - 2) - -12 - -37.
23
-10 + 0 + 11 - (3 + 7 + 1)
-10
What is the value of -11 - (-24 - -12 - (-4 + -10))?
-13
Calculate -35 - (-12 + -11) - (-6 + -1).
-5
Calculate 12 - (6 + 6) - -14.
14
Evaluate -22 - (-1 + (2 - -11) + -11 + 0).
-23
What is 49 + -23 + -1 + -10?
15
What is 25 - (37 + -24) - 2?
10
Evaluate -23 + 27 + (9 + -2 - 2 - -3).
12
What is the value of 9 + (4 - (5 - 3 - 4) - 7)?
8
(0 + -1 - 14) + 5 - (46 - 68)
12
What is 1 + -6 - (1 + 11 + -6 + -1)?
-10
-33 - (-13 - 